{"id":49,"date":"2017-12-30T14:02:53","date_gmt":"2017-12-30T20:02:53","guid":{"rendered":"https:\/\/ando.mx\/enterate\/?page_id=49"},"modified":"2022-07-03T15:30:05","modified_gmt":"2022-07-03T21:30:05","slug":"privacidad","status":"publish","type":"page","link":"https:\/\/ando.mx\/enterate\/privacidad\/","title":{"rendered":"Aviso de Privacidad"},"content":{"rendered":"<p>Ciudad de M\u00e9xico, a 10 de Octubre de 2018<\/p>\n<h2 style=\"margin-bottom: 20px;\">AVISO DE PRIVACIDAD PARA EL TRATAMIENTO DE LOS DATOS PERSONALES PROPORCIONADOS, INCLUYENDO AQUELLOS CONSIDERADOS COMO SENSIBLES.<\/h2>\n<p>En t\u00e9rminos de lo dispuesto por Ley Federal de Protecci\u00f3n de Datos Personales en Posesi\u00f3n de Particulares (en adelante \u201cla Ley\u201d), mediante este aviso, ANDO HACIENDO ESO DE LA WEB, S.A. DE C.V. (en adelante \u201cANDO\u201d), con domicilio fiscal en: Col. Nativitas, Del. Benito Ju\u00e1rez, C.P. 03500, informa y advierte a sus clientes y proveedores (en adelante, los \u201cUsuarios\u201d) acerca de su pol\u00edtica de protecci\u00f3n de datos de car\u00e1cter personal y sensibles (en adelante, \u201clos Datos Personales\u201d) lo siguiente:<\/p>\n<p>1.- Recopilamos sus datos personales por cualquier medio conocido o por conocer, como Nombre, tel\u00e9fono, domicilio, RFC, principal asiento de negocios, correo electr\u00f3nico, mercanc\u00edas y servicios que requiere se le proporcion\u00e9, historial y referencias crediticias y comerciales, etc., con las siguientes finalidades: (a) con el prop\u00f3sito de identificaci\u00f3n, (b) a efecto de facturarle la mercanc\u00eda y los servicios otorgados por ANDO, (c) fines estad\u00edsticos, (d) para eventualmente contactarlo v\u00eda correo electr\u00f3nico con fines publicitarios, y enviarle por medios electr\u00f3nicos; ofertas, promociones, comerciales, novedades de la industria, informaci\u00f3n estrat\u00e9gica de negocios, eventos, y en general, comunicados en materia de mercadotecnia. (e) fines de seguridad, y (f) para cumplir las obligaciones y exigir los derechos que resulten de su relaci\u00f3n comercial con ANDO.<\/p>\n<p>2.- Este Aviso de Privacidad representa el acuerdo \u00fanico y total entre ANDO y Los Usuarios y reemplaza cualquier otro acuerdo o garant\u00eda anterior entre ellos con relaci\u00f3n al uso de Datos Personales.<br \/>\nPor lo tanto, si Los Usuarios utilizan los servicios de ANDO, significa que han le\u00eddo, entendido, aceptado y, consecuentemente acordado con ANDO, los t\u00e9rminos y condiciones puestos a su disposici\u00f3n, conociendo la finalidad de la recolecci\u00f3n y tratamiento de su informaci\u00f3n y sus Datos Personales; datos mismos que conservara ANDO durante la vigencia de la relaci\u00f3n contractual y comercial que lo vincula con el usuario.<\/p>\n<p><strong>En caso de no estar de acuerdo, Los Usuarios no deber\u00e1n proporcionar ninguna informaci\u00f3n personal, ni utilizar los servicios de ANDO.<\/strong><\/p>\n<p>3.- Si cualquier norma de este Aviso de Privacidad resultare ser inaplicable por cualquier raz\u00f3n, dicha norma no surtir\u00e1 efectos hasta su modificaci\u00f3n a efecto de que tenga plena aplicaci\u00f3n conforme a la legislaci\u00f3n aplicable, y los dem\u00e1s t\u00e9rminos de este Aviso de Privacidad permanecer\u00e1n vigentes.<\/p>\n<p>4.- Este Aviso de Privacidad se regir\u00e1 por las leyes de M\u00e9xico al igual que su interpretaci\u00f3n. Cualquier acci\u00f3n proveniente o que resulte derivada de este Aviso de Privacidad o el uso de los servicios prestados o los productos comercializados por ANDO, deber\u00e1 ser dirimido ante los tribunales federales localizados en la Ciudad de M\u00e9xico.<\/p>\n<p>5.- El Usuario garantiza que los Datos Personales facilitados a ANDO son veraces y se hace responsable de comunicar a \u00e9sta cualquier modificaci\u00f3n en los mismos a trav\u00e9s de los siguientes medios: a) al correo electr\u00f3nico administr@ando.mx \u00f3 b) de forma escrita.<\/p>\n<p>6.- ANDO ha adoptado los niveles de seguridad de protecci\u00f3n de los Datos Personales legalmente requeridos, y ha instalado todos los medios y medidas t\u00e9cnicas a su alcance para evitar la p\u00e9rdida, mal uso, alteraci\u00f3n, acceso no autorizado y robo de los Datos Personales facilitados. Y ante eventual p\u00e9rdida, mal uso, alteraci\u00f3n, acceso no autorizado, y robo de los Datos Personales, ANDO deber\u00e1 avisar de forma inmediata al Titular de los datos personales, muy en especial, dentro de las 24 horas contadas a partir de que tuvo conocimiento de la eventualidad.<\/p>\n<p>7.- Los Usuarios tienen reconocidos, y podr\u00e1n ejercitar los derechos de acceso, cancelaci\u00f3n, rectificaci\u00f3n, oposici\u00f3n, e incluso de reclamaci\u00f3n, y queja, presentando un escrito en la direcci\u00f3n de las oficinas antes mencionadas o a trav\u00e9s de la direcci\u00f3n electr\u00f3nica administr@ando.mx La solicitud para ejercitar dichos derechos deber\u00e1 contener y acompa\u00f1ar lo siguiente:<\/p>\n<p>a) El nombre del titular y domicilio u otro medio para comunicarle la respuesta a su solicitud;<br \/>\nb) Los documentos que acrediten la identidad o, en su caso, la representaci\u00f3n legal del titular;<br \/>\nc) La descripci\u00f3n clara y precisa de los datos personales respecto de los que se busca ejercer alguno de los derechos antes mencionados, y<br \/>\nd) Cualquier otro elemento o documento que facilite la localizaci\u00f3n de los datos personales.<\/p>\n<p>Para ejercitar indistintamente sus derechos de; Acceso, Rectificaci\u00f3n, Cancelaci\u00f3n u Oposici\u00f3n (A.R.C.O.) descargue el siguiente formato:<\/p>\n<p><a class=\"btn btn-primary\" href=\"https:\/\/ando.mx\/enterate\/ARCO.pdf\" target=\"_blank\" rel=\"noopener\"><i class=\"fa fa-download\" aria-hidden=\"true\"><\/i> FORMATO A.R.C.O. ANDO<\/a><\/p>\n<p>Instrucciones de envi\u00f3 por correo electr\u00f3nico:<\/p>\n<ul>\n<li>Descargar archivo de solicitud A.R.C.O.<\/li>\n<li>Guardar archivo en equipo de c\u00f3mputo.<\/li>\n<li>Llenar los espacios dentro de formulario de la solicitud A.R.C.O.<\/li>\n<li>Enviar por correo electr\u00f3nico a la siguiente direcci\u00f3n: administr@ando.mx.<\/li>\n<li>En el apartado asunto del mensaje colocar la leyenda DERECHO A.R.C.O.<\/li>\n<li>Adjuntar la solicitud A.R.C.O. al mensaje, junto con los documentos que amparen la identificaci\u00f3n del titular.<\/li>\n<\/ul>\n<p>Instrucciones para entrega de solicitud ARCO directamente en la empresa:<\/p>\n<ul>\n<li>Descargar archivo de solicitud ARCO.<\/li>\n<li>Guardar archivo en equipo de c\u00f3mputo.<\/li>\n<li>Llenar los espacios dentro de formulario de la solicitud ARCO.<\/li>\n<li>Presentarlo impreso en la direcci\u00f3n: Elisa No. 13 Int.4, Col. Nativitas, Del. Benito Ju\u00e1rez, C.P. 03500 en d\u00edas h\u00e1biles y en horario laboral.<\/li>\n<li>La Solicitud ARCO y los documentos necesarios para ejercer el derecho deben ir dentro de un sobre sellado.<\/li>\n<\/ul>\n<p>8.- En la recolecci\u00f3n de datos personales seguimos todos los principios que marca la ley: Licitud, calidad, consentimiento, informaci\u00f3n, finalidad, lealtad, proporcionalidad y responsabilidad.<\/p>\n<p>9.- ANDO se reserva el derecho a modificar la presente pol\u00edtica para adaptarla a las reformas legislativas o jurisprudenciales as\u00ed como a pr\u00e1cticas de la industria. En dichos supuestos, lo comunicaremos de la siguiente manera: a) public\u00e1ndolo en nuestra p\u00e1gina web o b) envi\u00e1ndole un correo electr\u00f3nico a la cuenta que el Usuario haya proporcionado. No seremos responsables si el Usuario no recibe la notificaci\u00f3n de cambio en el aviso de privacidad si existiere alg\u00fan problema con su cuenta de correo electr\u00f3nico.<\/p>\n<p>10.- Para el caso de no poner de manifiesto objeci\u00f3n alguna, el Usuario consiente el tratamiento de los datos que proporcione a ANDO, de conformidad a lo se\u00f1alado en el presente aviso.<\/p>\n","protected":false},"excerpt":{"rendered":"<p>Ciudad de M\u00e9xico, a 10 de Octubre de 2018 AVISO DE PRIVACIDAD PARA EL TRATAMIENTO DE LOS DATOS PERSONALES PROPORCIONADOS, INCLUYENDO AQUELLOS CONSIDERADOS COMO SENSIBLES. En t\u00e9rminos de lo dispuesto &#8230; <a title=\"Aviso de Privacidad\" class=\"read-more\" href=\"https:\/\/ando.mx\/enterate\/privacidad\/\" aria-label=\"Leer m\u00e1s sobre Aviso de Privacidad\">Leer m\u00e1s<\/a><\/p>\n","protected":false},"author":2,"featured_media":319,"parent":0,"menu_order":0,"comment_status":"closed","ping_status":"closed","template":"","meta":{"footnotes":""},"class_list":{"0":"post-49","1":"page","2":"type-page","3":"status-publish","4":"has-post-thumbnail","6":"infinite-scroll-item"},"yoast_head":"<!-- This site is optimized with the Yoast SEO plugin v27.3 - https:\/\/yoast.com\/product\/yoast-seo-wordpress\/ -->\n<title>Aviso de Privacidad - ANDO<\/title>\n<meta name=\"robots\" content=\"index, follow, max-snippet:-1, max-image-preview:large, max-video-preview:-1\" \/>\n<link rel=\"canonical\" href=\"https:\/\/ando.mx\/enterate\/privacidad\/\" \/>\n<meta property=\"og:locale\" content=\"es_MX\" \/>\n<meta property=\"og:type\" content=\"article\" \/>\n<meta property=\"og:title\" content=\"Aviso de Privacidad - ANDO\" \/>\n<meta property=\"og:description\" content=\"Ciudad de M\u00e9xico, a 10 de Octubre de 2018 AVISO DE PRIVACIDAD PARA EL TRATAMIENTO DE LOS DATOS PERSONALES PROPORCIONADOS, INCLUYENDO AQUELLOS CONSIDERADOS COMO SENSIBLES. En t\u00e9rminos de lo dispuesto ... Leer m\u00e1s\" \/>\n<meta property=\"og:url\" content=\"https:\/\/ando.mx\/enterate\/privacidad\/\" \/>\n<meta property=\"og:site_name\" content=\"ANDO\" \/>\n<meta property=\"article:publisher\" content=\"https:\/\/www.facebook.com\/andohaciendo\/\" \/>\n<meta property=\"article:modified_time\" content=\"2022-07-03T21:30:05+00:00\" \/>\n<meta property=\"og:image\" content=\"https:\/\/ando.mx\/enterate\/wp-content\/uploads\/2018\/01\/privacy.jpg\" \/>\n\t<meta property=\"og:image:width\" content=\"1200\" \/>\n\t<meta property=\"og:image:height\" content=\"600\" \/>\n\t<meta property=\"og:image:type\" content=\"image\/jpeg\" \/>\n<meta name=\"twitter:card\" content=\"summary_large_image\" \/>\n<meta name=\"twitter:site\" content=\"@andohaciendo\" \/>\n<meta name=\"twitter:label1\" content=\"Tiempo de lectura\" \/>\n\t<meta name=\"twitter:data1\" content=\"6 minutos\" \/>\n<script type=\"application\/ld+json\" class=\"yoast-schema-graph\">{\"@context\":\"https:\\\/\\\/schema.org\",\"@graph\":[{\"@type\":\"WebPage\",\"@id\":\"https:\\\/\\\/ando.mx\\\/enterate\\\/privacidad\\\/\",\"url\":\"https:\\\/\\\/ando.mx\\\/enterate\\\/privacidad\\\/\",\"name\":\"Aviso de Privacidad - ANDO\",\"isPartOf\":{\"@id\":\"https:\\\/\\\/ando.mx\\\/enterate\\\/#website\"},\"primaryImageOfPage\":{\"@id\":\"https:\\\/\\\/ando.mx\\\/enterate\\\/privacidad\\\/#primaryimage\"},\"image\":{\"@id\":\"https:\\\/\\\/ando.mx\\\/enterate\\\/privacidad\\\/#primaryimage\"},\"thumbnailUrl\":\"https:\\\/\\\/ando.mx\\\/enterate\\\/wp-content\\\/uploads\\\/2018\\\/01\\\/privacy.jpg\",\"datePublished\":\"2017-12-30T20:02:53+00:00\",\"dateModified\":\"2022-07-03T21:30:05+00:00\",\"breadcrumb\":{\"@id\":\"https:\\\/\\\/ando.mx\\\/enterate\\\/privacidad\\\/#breadcrumb\"},\"inLanguage\":\"es\",\"potentialAction\":[{\"@type\":\"ReadAction\",\"target\":[\"https:\\\/\\\/ando.mx\\\/enterate\\\/privacidad\\\/\"]}]},{\"@type\":\"ImageObject\",\"inLanguage\":\"es\",\"@id\":\"https:\\\/\\\/ando.mx\\\/enterate\\\/privacidad\\\/#primaryimage\",\"url\":\"https:\\\/\\\/ando.mx\\\/enterate\\\/wp-content\\\/uploads\\\/2018\\\/01\\\/privacy.jpg\",\"contentUrl\":\"https:\\\/\\\/ando.mx\\\/enterate\\\/wp-content\\\/uploads\\\/2018\\\/01\\\/privacy.jpg\",\"width\":1200,\"height\":600},{\"@type\":\"BreadcrumbList\",\"@id\":\"https:\\\/\\\/ando.mx\\\/enterate\\\/privacidad\\\/#breadcrumb\",\"itemListElement\":[{\"@type\":\"ListItem\",\"position\":1,\"name\":\"Inicio\",\"item\":\"https:\\\/\\\/ando.mx\\\/enterate\\\/\"},{\"@type\":\"ListItem\",\"position\":2,\"name\":\"Aviso de Privacidad\"}]},{\"@type\":\"WebSite\",\"@id\":\"https:\\\/\\\/ando.mx\\\/enterate\\\/#website\",\"url\":\"https:\\\/\\\/ando.mx\\\/enterate\\\/\",\"name\":\"ANDO\",\"description\":\"Nosotros somos ANDO HACIENDO ESO DE LA WEB, S.A. DE C.V. y somos una Agencia de Marketing y Publicidad Digital que comunica, dise\u00f1a, desarrolla, ense\u00f1a, promociona y administra \u201ctodo eso de la web\u201d desde el a\u00f1o 2006.\",\"publisher\":{\"@id\":\"https:\\\/\\\/ando.mx\\\/enterate\\\/#organization\"},\"potentialAction\":[{\"@type\":\"SearchAction\",\"target\":{\"@type\":\"EntryPoint\",\"urlTemplate\":\"https:\\\/\\\/ando.mx\\\/enterate\\\/?s={search_term_string}\"},\"query-input\":{\"@type\":\"PropertyValueSpecification\",\"valueRequired\":true,\"valueName\":\"search_term_string\"}}],\"inLanguage\":\"es\"},{\"@type\":\"Organization\",\"@id\":\"https:\\\/\\\/ando.mx\\\/enterate\\\/#organization\",\"name\":\"ANDO HACIENDO ESO DE LA WEB\",\"url\":\"https:\\\/\\\/ando.mx\\\/enterate\\\/\",\"logo\":{\"@type\":\"ImageObject\",\"inLanguage\":\"es\",\"@id\":\"https:\\\/\\\/ando.mx\\\/enterate\\\/#\\\/schema\\\/logo\\\/image\\\/\",\"url\":\"https:\\\/\\\/ando.mx\\\/enterate\\\/wp-content\\\/uploads\\\/2021\\\/10\\\/ando_logo_ch.png\",\"contentUrl\":\"https:\\\/\\\/ando.mx\\\/enterate\\\/wp-content\\\/uploads\\\/2021\\\/10\\\/ando_logo_ch.png\",\"width\":400,\"height\":120,\"caption\":\"ANDO HACIENDO ESO DE LA WEB\"},\"image\":{\"@id\":\"https:\\\/\\\/ando.mx\\\/enterate\\\/#\\\/schema\\\/logo\\\/image\\\/\"},\"sameAs\":[\"https:\\\/\\\/www.facebook.com\\\/andohaciendo\\\/\",\"https:\\\/\\\/x.com\\\/andohaciendo\",\"https:\\\/\\\/www.linkedin.com\\\/company\\\/ando-haciendo-eso-de-la-web-s-a-de-c-v-\",\"https:\\\/\\\/www.youtube.com\\\/user\\\/andoweb\",\"https:\\\/\\\/www.instagram.com\\\/andohaciendo\\\/\"]}]}<\/script>\n<!-- \/ Yoast SEO plugin. -->","yoast_head_json":{"title":"Aviso de Privacidad - ANDO","robots":{"index":"index","follow":"follow","max-snippet":"max-snippet:-1","max-image-preview":"max-image-preview:large","max-video-preview":"max-video-preview:-1"},"canonical":"https:\/\/ando.mx\/enterate\/privacidad\/","og_locale":"es_MX","og_type":"article","og_title":"Aviso de Privacidad - ANDO","og_description":"Ciudad de M\u00e9xico, a 10 de Octubre de 2018 AVISO DE PRIVACIDAD PARA EL TRATAMIENTO DE LOS DATOS PERSONALES PROPORCIONADOS, INCLUYENDO AQUELLOS CONSIDERADOS COMO SENSIBLES. En t\u00e9rminos de lo dispuesto ... Leer m\u00e1s","og_url":"https:\/\/ando.mx\/enterate\/privacidad\/","og_site_name":"ANDO","article_publisher":"https:\/\/www.facebook.com\/andohaciendo\/","article_modified_time":"2022-07-03T21:30:05+00:00","og_image":[{"width":1200,"height":600,"url":"https:\/\/ando.mx\/enterate\/wp-content\/uploads\/2018\/01\/privacy.jpg","type":"image\/jpeg"}],"twitter_card":"summary_large_image","twitter_site":"@andohaciendo","twitter_misc":{"Tiempo de lectura":"6 minutos"},"schema":{"@context":"https:\/\/schema.org","@graph":[{"@type":"WebPage","@id":"https:\/\/ando.mx\/enterate\/privacidad\/","url":"https:\/\/ando.mx\/enterate\/privacidad\/","name":"Aviso de Privacidad - ANDO","isPartOf":{"@id":"https:\/\/ando.mx\/enterate\/#website"},"primaryImageOfPage":{"@id":"https:\/\/ando.mx\/enterate\/privacidad\/#primaryimage"},"image":{"@id":"https:\/\/ando.mx\/enterate\/privacidad\/#primaryimage"},"thumbnailUrl":"https:\/\/ando.mx\/enterate\/wp-content\/uploads\/2018\/01\/privacy.jpg","datePublished":"2017-12-30T20:02:53+00:00","dateModified":"2022-07-03T21:30:05+00:00","breadcrumb":{"@id":"https:\/\/ando.mx\/enterate\/privacidad\/#breadcrumb"},"inLanguage":"es","potentialAction":[{"@type":"ReadAction","target":["https:\/\/ando.mx\/enterate\/privacidad\/"]}]},{"@type":"ImageObject","inLanguage":"es","@id":"https:\/\/ando.mx\/enterate\/privacidad\/#primaryimage","url":"https:\/\/ando.mx\/enterate\/wp-content\/uploads\/2018\/01\/privacy.jpg","contentUrl":"https:\/\/ando.mx\/enterate\/wp-content\/uploads\/2018\/01\/privacy.jpg","width":1200,"height":600},{"@type":"BreadcrumbList","@id":"https:\/\/ando.mx\/enterate\/privacidad\/#breadcrumb","itemListElement":[{"@type":"ListItem","position":1,"name":"Inicio","item":"https:\/\/ando.mx\/enterate\/"},{"@type":"ListItem","position":2,"name":"Aviso de Privacidad"}]},{"@type":"WebSite","@id":"https:\/\/ando.mx\/enterate\/#website","url":"https:\/\/ando.mx\/enterate\/","name":"ANDO","description":"Nosotros somos ANDO HACIENDO ESO DE LA WEB, S.A. DE C.V. y somos una Agencia de Marketing y Publicidad Digital que comunica, dise\u00f1a, desarrolla, ense\u00f1a, promociona y administra \u201ctodo eso de la web\u201d desde el a\u00f1o 2006.","publisher":{"@id":"https:\/\/ando.mx\/enterate\/#organization"},"potentialAction":[{"@type":"SearchAction","target":{"@type":"EntryPoint","urlTemplate":"https:\/\/ando.mx\/enterate\/?s={search_term_string}"},"query-input":{"@type":"PropertyValueSpecification","valueRequired":true,"valueName":"search_term_string"}}],"inLanguage":"es"},{"@type":"Organization","@id":"https:\/\/ando.mx\/enterate\/#organization","name":"ANDO HACIENDO ESO DE LA WEB","url":"https:\/\/ando.mx\/enterate\/","logo":{"@type":"ImageObject","inLanguage":"es","@id":"https:\/\/ando.mx\/enterate\/#\/schema\/logo\/image\/","url":"https:\/\/ando.mx\/enterate\/wp-content\/uploads\/2021\/10\/ando_logo_ch.png","contentUrl":"https:\/\/ando.mx\/enterate\/wp-content\/uploads\/2021\/10\/ando_logo_ch.png","width":400,"height":120,"caption":"ANDO HACIENDO ESO DE LA WEB"},"image":{"@id":"https:\/\/ando.mx\/enterate\/#\/schema\/logo\/image\/"},"sameAs":["https:\/\/www.facebook.com\/andohaciendo\/","https:\/\/x.com\/andohaciendo","https:\/\/www.linkedin.com\/company\/ando-haciendo-eso-de-la-web-s-a-de-c-v-","https:\/\/www.youtube.com\/user\/andoweb","https:\/\/www.instagram.com\/andohaciendo\/"]}]}},"_links":{"self":[{"href":"https:\/\/ando.mx\/enterate\/wp-json\/wp\/v2\/pages\/49","targetHints":{"allow":["GET"]}}],"collection":[{"href":"https:\/\/ando.mx\/enterate\/wp-json\/wp\/v2\/pages"}],"about":[{"href":"https:\/\/ando.mx\/enterate\/wp-json\/wp\/v2\/types\/page"}],"author":[{"embeddable":true,"href":"https:\/\/ando.mx\/enterate\/wp-json\/wp\/v2\/users\/2"}],"replies":[{"embeddable":true,"href":"https:\/\/ando.mx\/enterate\/wp-json\/wp\/v2\/comments?post=49"}],"version-history":[{"count":0,"href":"https:\/\/ando.mx\/enterate\/wp-json\/wp\/v2\/pages\/49\/revisions"}],"wp:featuredmedia":[{"embeddable":true,"href":"https:\/\/ando.mx\/enterate\/wp-json\/wp\/v2\/media\/319"}],"wp:attachment":[{"href":"https:\/\/ando.mx\/enterate\/wp-json\/wp\/v2\/media?parent=49"}],"curies":[{"name":"wp","href":"https:\/\/api.w.org\/{rel}","templated":true}]}}